)?
5
Let h(v) = -83*v - 29. Let b be h(-2). Let q = b + 12. What is the tens digit of q?
4
Suppose 0 = -4*q - 2*h + 8052, 2*h - 10079 = -5*q + 3*h. Let w = q - 1428. What is the hundreds digit of w?
5
Let b = -42272 - -97070. What is the ten thousands digit of b?
5
Let f be 3*1/(-3) - -29. Suppose 3*q - f - 47 = 0. Suppose -26*n = -q*n - 89. What is the units digit of n?
9
Let c(s) = s**2 + 3*s - 111. Let j be c(-12). What is the units digit of j/((189/(-3164))/9)?
2
Let z(g) = 27*g - 45. Let n(r) = -83*r + 135. Let q(p) = 4*n(p) + 11*z(p). What is the units digit of q(-19)?
0
Let z(g) = -2*g**2 - 4*g + 59. Let f be z(-15). Let s = 736 - f. What is the units digit of s?
7
Suppose -38*t = -58*t + 391980. What is the units digit of t?
9
Let b(i) = 3*i**2 + 10*i + 2. Let g(o) = o**3 - o**2 - 2*o - 1. Let l(z) = -b(z) - 5*g(z). Let h be (-3 - -5)/((-4)/4). What is the tens digit of l(h)?
5
Suppose 31 = -3*n + 4*q, 0*n = -4*n + 4*q - 36. What is the units digit of ((190/(-4))/n)/(9/18)?
9
Suppose -x + 3*d + 36007 = 0, 10*x - 179873 = 5*x - 3*d. What is the units digit of x?
0
Let c(s) = s**3 - 26*s**2 + 24*s + 36. Let g be c(25). Suppose 10*p = g*p - 192. What is the units digit of p?
2
Suppose 0 = 6*p - 639 - 1107. Let k = 629 - p. What is the hundreds digit of k?
3
Suppose -l - 2*g + 11184 + 22153 = 0, 2*g + 133338 = 4*l. What is the hundreds digit of l?
3
Suppose 0 = 3*f - 2*b - 9, -2*f + 6 = 4*b. What is the units digit of ((-246)/(-30))/((f/(-35))/(-3))?
7
Suppose 109*f = 118*f + 261. Let v(b) = -4*b + 33. What is the units digit of v(f)?
9
Suppose -242923 = -48*a + 22613. What is the thousands digit of a?
5
Suppose 0 = 3*y - 23 - 49. Let z(n) = 5*n + 74. Let t be z(-14). Suppose y = m - t. What is the units digit of m?
8
Let c(t) = 5433*t**2 + 10*t + 14. What is the tens digit of c(-1)?
3
Suppose -19 + 23 = -4*z. Let l be -21 - 0*z/(-5). Let o = l + 69. What is the tens digit of o?
4
Suppose -41*m = 13*m - 906012. What is the tens digit of m?
7
Suppose t - 2*p = 90, -72 = -t + 5*p + 21. Suppose -12*c + 20 + t = 0. What is the units digit of c?
9
Suppose 25*m - 56 = 19. Suppose 2590 = m*o + d, -4*o + 1695 + 1767 = -3*d. What is the units digit of o?
4
What is the hundreds digit of (177/(-6) + 1)/(-7*(-18)/(-9324))?
1
What is the ten thousands digit of (11 - -1671)*(-95)/(-10)?
1
Let i(l) = -l + 3. Let k(h) = 5*h + 14. Let w be k(-4). Let a be i(w). Suppose a*g + 539 = 16*g. What is the units digit of g?
7
Suppose 35*u + u = -137016. Let g = -2068 - u. What is the tens digit of g?
3
Let t be ((-5)/(-10))/((-2)/(-940)). Suppose 0 = -2*p - x + t, -2*p + 7 + 243 = 4*x. What is the hundreds digit of p?
1
Let h be 0 + 1/(3/15). Let q be (-39)/(-2)*(-1680)/(-36). Suppose -12*r = -h*r - q. What is the hundreds digit of r?
1
Let p = 411 + -409. Let c be (0 - 1)*(-5 + 0). Suppose c*j - 27 = p*j. What is the units digit of j?
9
Let u(x) be the third derivative of 0 - 23/3*x**3 + 1/3*x**4 + 0*x - 24*x**2. What is the units digit of u(15)?
4
Let t be 2/6 + 203/21*1. What is the hundreds digit of 14*-21*(-5)/t?
1
What is the tens digit of 6509/5 - 116/(-580)?
0
Let r = -30315 + 50795. What is the ten thousands digit of r?
2
Suppose -5*q = 3*q - 79816 - 40080. What is the tens digit of q?
8
Let a = -1847 - -4929. What is the tens digit of a?
8
Let s(d) = -16*d**3 + 7*d**2 + 7*d - 1. Let b = 455 + -459. What is the thousands digit of s(b)?
1
Suppose 27*z - 13512 = 23*z. Suppose -3*s + 2026 = 2*g, -8*g + 6*g = 5*s - z. What is the hundreds digit of s?
6
Suppose 0 = -2*h + 15 + 1. Let p be (27/36)/(2/h). Let x(l) = 20*l**2 + 2*l - 10. What is the units digit of x(p)?
6
Let s = 76 + -17. Suppose z - 3*o = -4*o + 154, z - 148 = 2*o. Let t = z - s. What is the units digit of t?
3
Let c(f) be the first derivative of -f**6/60 + f**5/60 + 12*f**3 + 5*f**2/2 + 17. Let y(g) be the second derivative of c(g). What is the tens digit of y(0)?
7
Let g = -3662 - -4801. What is the units digit of g?
9
Suppose 0 = 5*j + 20, 0*y + 12 = 4*y + 4*j. Suppose -4*w = 12, 3*l - 2*w = y*l - 3054. What is the tens digit of l?
6
Let c(j) = -46*j + 20802. What is the ten thousands digit of c(0)?
2
Suppose 9*g = 10*g - 11. Suppose -d + o + 0*o = -g, 2*d + 4*o = 10. Suppose -1909 + 460 = -d*s. What is the units digit of s?
1
Let m(j) = 9*j - 169. Let k be m(19). Let p(l) = 25*l**2 - 13*l + 31. What is the units digit of p(k)?
5
Let v(m) = 55*m**2 - 7*m - 13. Let y be v(-2). Let i = y - 157. What is the units digit of i?
4
Suppose -158050 = -5*m - 13*m + 168362. What is the units digit of m?
4
Let d be ((-13)/(-182)*-7)/(1/(-2284)). Suppose 0 = -5*c + d + 1483. What is the hundreds digit of c?
5
Let i = -52 - -54. Let v(p) = 224*p + 17. What is the tens digit of v(i)?
6
Let k be (3/(-5) + (-6)/15)*-3. Suppose k*m + m = 16. What is the tens digit of ((-5)/m)/(1/(-92))?
1
Suppose 16*m - 1894650 = -35*m + m. What is the tens digit of m?
9
Let x(g) = -323*g - 86. Let r(i) = 2*i - 2. Let s(h) = r(h) - x(h). What is the hundreds digit of s(3)?
0
Let a(s) = -4*s + 39. Let y be a(7). Suppose 5059 - 1209 = y*z. What is the units digit of z?
0
Suppose 2*s = s + 2*c, 2*s = -3*c + 21. Suppose -4*p = 3*r - s*r + 767, 4*r - p - 1040 = 0. Suppose 0 = 2*g - r + 13. What is the units digit of g?
4
Suppose -2*z - 6*z = -6160. Suppose -g - 155 = -f - 0*g, 5*f - 4*g = z. Suppose -2*j - f = -544. What is the hundreds digit of j?
1
Let j(c) = -8038*c**3 + 2. Let v be j(-1). Suppose v = -4*w + 10*w. What is the units digit of w?
0
Let x = -26 - -51. Suppose -23 + x = w. Suppose 113 = w*j - j. What is the tens digit of j?
1
Suppose 3*w + 23603 = x, 49 = w + 52. What is the tens digit of x?
9
Let x = 244 - 89. Suppose -39*c + 38*c + x = 0. What is the tens digit of c?
5
Suppose 1500 = -12*j - 2808. Let g = j - -758. What is the tens digit of g?
9
What is the tens digit of ((2548/(-35))/(-13))/(2/245)?
8
Let b(s) = 1040*s**3. Let k be 1 + (-4)/(-8)*0. Let z be b(k). Suppose -15*c = -5*c - z. What is the hundreds digit of c?
1
Let o(d) = 6 - 30*d + 6*d + 5. What is the units digit of o(-1)?
5
Let y = 34012 - 22156. Suppose 49*q = 37*q + y. What is the tens digit of q?
8
Let h(n) be the third derivative of -5/12*n**4 + 1/6*n**3 - 14*n**2 + 0 + 1/12*n**5 + 0*n. What is the units digit of h(6)?
1
Let d(f) = -5673*f - 7651. What is the hundreds digit of d(-10)?
0
Suppose 2*c - 4*c = -6. Suppose -4*m - 377 = -5*u - 2510, -c*u - 1599 = -3*m. Let a = m + -315. What is the hundreds digit of a?
2
Let a be (-6)/(-1) + -3 + 4 + -2. Suppose -326 = -a*z + 3*z. What is the hundreds digit of (z/4)/(8/32)?
1
Let r(g) = -236*g + 136. Let z be r(-19). What is the thousands digit of ((-48)/(-10))/(14/z - 0)?
1
Let b be (0*3/9)/2. Suppose 2*k - 4*k + 3*n - 2 = b, -4*k + 18 = 5*n. Suppose -4*d + k*d = -76. What is the units digit of d?
8
Let y(l) = -191*l - 287. Let t be y(-9). Let c = t + -921. What is the hundreds digit of c?
5
Let i(p) = 2*p**3 + 3*p**2 - p - 1. Let o be i(1). Suppose 3*m + 3*b = 1836, 2445 = -o*m + 7*m + 5*b. What is the hundreds digit of m?
6
Suppose 3*f = 7*f - 2136. Let y be 178 + -17 + 6 - (-1 - 0). Suppose 0 = -6*x + f - y. What is the tens digit of x?
6
Let v(w) = -w**3 - 9*w**2 - 8*w. Let q be v(-8). Suppose q = 33*p - 34*p + 143. Suppose -11*c = 33 - p. What is the units digit of c?
0
Suppose -4*n = -2*j + 226, 0 = -4*j + 3*n + 66 + 371. Let d = 107 - j. Suppose d = 5*w - 307 - 573. What is the units digit of w?
6
Let k be (6/(-15))/((-1)/(-15)*-1). Let h be (k/9)/(2/(-24)). Let w = 176 + h. What is the units digit of w?
8
Let s be 1/4 + 1*14/8. What is the tens digit of (3/s)/(3/604)?
0
Let n(o) = -3 - 12*o**3 + 9*o**2 - 16*o**3 + 29*o**3 - 7*o. Suppose 2*p + 4 = 0, -2*w - p - 12 = -4*p. What is the units digit of n(w)?
0
Suppose -4*p = -4*l - 3*p + 7, -2*l = -4*p + 14. Suppose 5*z + r - 2583 = 0, -l*z - r - 68 = -1619. What is the tens digit of z?
1
Let h(i) = 16*i**2 - 12*i + 42. Let q be (3/(-6))/(6/30)*-2. What is the units digit of h(q)?
2
Suppose 2*g + g + 3*c = 12, -3*c + 6 = 0. Suppose -y = y + g*v - 8, 2*y - 5*v = -20. What is the units digit of (y - 2)/(2/(-104))?
4
Let k be (-65 + 100)/(0 - (-1)/(-4)). What is the hundreds digit of (620/k - 6/(-14)) + 481?
4
Suppose -3 = -a - 36. Suppose j - 6